
What are the prime factors of 613?
613
What are the prime factors of 23151?
3, 7717
List the prime factors of 77733.
3, 2879
List the prime factors of 11877.
3, 37, 107
List the prime factors of 90115.
5, 67, 269
List the prime factors of 3820.
2, 5, 191
What are the prime factors of 29959?
29959
List the prime factors of 2489.
19, 131
List the prime factors of 1759.
1759
List the prime factors of 23216.
2, 1451
List the prime factors of 3381.
3, 7, 23
What are the prime factors of 58304?
2, 911
List the prime factors of 24306.
2, 3, 4051
What are the prime factors of 4682?
2, 2341
What are the prime factors of 689?
13, 53
List the prime factors of 556.
2, 139
What are the prime factors of 1793?
11, 163
What are the prime factors of 3371?
3371
What are the prime factors of 4291?
7, 613
What are the prime factors of 13967?
13967
List the prime factors of 46072.
2, 13, 443
What are the prime factors of 106967?
7, 37, 59
What are the prime factors of 39789?
3, 4421
What are the prime factors of 142741?
349, 409
List the prime factors of 12756.
2, 3, 1063
List the prime factors of 1320.
2, 3, 5, 11
What are the prime factors of 3428?
2, 857
List the prime factors of 24373.
24373
What are the prime factors of 4966?
2, 13, 191
List the prime factors of 8045.
5, 1609
List the prime factors of 41538.
2, 3, 7, 23, 43
List the prime factors of 53071.
73, 727
List the prime factors of 203.
7, 29
What are the prime factors of 6655?
5, 11
List the prime factors of 33556.
2, 8389
What are the prime factors of 1170?
2, 3, 5, 13
What are the prime factors of 57160?
2, 5, 1429
List the prime factors of 10772.
2, 2693
List the prime factors of 1592.
2, 199
What are the prime factors of 799?
17, 47
List the prime factors of 1857.
3, 619
What are the prime factors of 30327?
3, 11, 919
List the prime factors of 96787.
96787
What are the prime factors of 35633?
13, 2741
What are the prime factors of 13809?
3, 4603
What are the prime factors of 23916?
2, 3, 1993
What are the prime factors of 11140?
2, 5, 557
What are the prime factors of 6995?
5, 1399
What are the prime factors of 4827?
3, 1609
What are the prime factors of 774?
2, 3, 43
What are the prime factors of 6840?
2, 3, 5, 19
List the prime factors of 4118.
2, 29, 71
What are the prime factors of 2697?
3, 29, 31
What are the prime factors of 13942?
2, 6971
What are the prime factors of 112611?
3, 37537
What are the prime factors of 7224?
2, 3, 7, 43
What are the prime factors of 8190?
2, 3, 5, 7, 13
List the prime factors of 141852.
2, 3, 11821
List the prime factors of 3682.
2, 7, 263
What are the prime factors of 3081?
3, 13, 79
List the prime factors of 529.
23
List the prime factors of 6743.
11, 613
List the prime factors of 4087.
61, 67
What are the prime factors of 3817?
11, 347
What are the prime factors of 866?
2, 433
List the prime factors of 666.
2, 3, 37
What are the prime factors of 51224?
2, 19, 337
What are the prime factors of 1496?
2, 11, 17
List the prime factors of 1866.
2, 3, 311
What are the prime factors of 35940?
2, 3, 5, 599
List the prime factors of 6889.
83
List the prime factors of 5326.
2, 2663
List the prime factors of 460.
2, 5, 23
List the prime factors of 22959.
3, 2551
List the prime factors of 9034.
2, 4517
List the prime factors of 19974.
2, 3, 3329
List the prime factors of 20599.
20599
What are the prime factors of 11602?
2, 5801
What are the prime factors of 1894?
2, 947
List the prime factors of 962.
2, 13, 37
What are the prime factors of 4097?
17, 241
List the prime factors of 26.
2, 13
What are the prime factors of 25363?
13, 1951
What are the prime factors of 68389?
68389
List the prime factors of 5267.
23, 229
List the prime factors of 26808.
2, 3, 1117
List the prime factors of 7033.
13, 541
List the prime factors of 20838.
2, 3, 23, 151
What are the prime factors of 84?
2, 3, 7
What are the prime factors of 24684?
2, 3, 11, 17
What are the prime factors of 4801?
4801
List the prime factors of 735.
3, 5, 7
List the prime factors of 929.
929
What are the prime factors of 601?
601
List the prime factors of 34231.
34231
What are the prime factors of 3277?
29, 113
What are the prime factors of 126674?
2, 63337
List the prime factors of 8934.
2, 3, 1489
What are the prime factors of 3697?
3697
List the prime factors of 620.
2, 5, 31
What are the prime factors of 6257?
6257
What are the prime factors of 40107?
3, 29, 461
What are the prime factors of 2301?
3, 13, 59
What are the prime factors of 25273?
127, 199
List the prime factors of 138451.
138451
List the prime factors of 18216.
2, 3, 11, 23
List the prime factors of 1571.
1571
List the prime factors of 762.
2, 3, 127
List the prime factors of 1464.
2, 3, 61
What are the prime factors of 2290?
2, 5, 229
What are the prime factors of 7759?
7759
What are the prime factors of 445?
5, 89
What are the prime factors of 149?
149
What are the prime factors of 871?
13, 67
What are the prime factors of 1082?
2, 541
List the prime factors of 4884.
2, 3, 11, 37
What are the prime factors of 258?
2, 3, 43
List the prime factors of 24638.
2, 97, 127
What are the prime factors of 90031?
90031
What are the prime factors of 4735?
5, 947
List the prime factors of 3909.
3, 1303
List the prime factors of 2319.
3, 773
List the prime factors of 77350.
2, 5, 7, 13, 17
List the prime factors of 16894.
2, 8447
What are the prime factors of 32067?
3, 7, 509
List the prime factors of 10970.
2, 5, 1097
What are the prime factors of 3157?
7, 11, 41
What are the prime factors of 2919?
3, 7, 139
List the prime factors of 501.
3, 167
List the prime factors of 2178.
2, 3, 11
List the prime factors of 29963.
19, 83
What are the prime factors of 13242?
2, 3, 2207
What are the prime factors of 30458?
2, 97, 157
What are the prime factors of 16616?
2, 31, 67
List the prime factors of 146837.
146837
List the prime factors of 47290.
2, 5, 4729
List the prime factors of 4934.
2, 2467
What are the prime factors of 14078?
2, 7039
List the prime factors of 21881.
21881
List the prime factors of 4453.
61, 73
What are the prime factors of 18149?
18149
What are the prime factors of 8489?
13, 653
What are the prime factors of 31491?
3, 3499
List the prime factors of 343.
7
List the prime factors of 543.
3, 181
What are the prime factors of 507?
3, 13
List the prime factors of 1279.
1279
What are the prime factors of 3756?
2, 3, 313
List the prime factors of 11383.
11383
List the prime factors of 4688.
2, 293
List the prime factors of 8264.
2, 1033
List the prime factors of 25542.
2, 3, 11, 43
List the prime factors of 1153.
1153
What are the prime factors of 10092?
2, 3, 29
What are the prime factors of 4179?
3, 7, 199
List the prime factors of 1743.
3, 7, 83
What are the prime factors of 648?
2, 3
List the prime factors of 65134.
2, 29, 1123
What are the prime factors of 2458?
2, 1229
List the prime factors of 592.
2, 37
What are the prime factors of 1844?
2, 461
List the prime factors of 52077.
3, 17359
What are the prime factors of 153343?
153343
What are the prime factors of 15155?
5, 7, 433
What are the prime factors of 410?
2, 5, 41
List the prime factors of 504.
2, 3, 7
What are the prime factors of 4830?
2, 3, 5, 7, 23
What are the prime factors of 859?
859
List the prime factors of 149114.
2, 7, 10651
List the prime factors of 2995.
5, 599
List the prime factors of 19005.
3, 5, 7, 181
List the prime factors of 3525.
3, 5, 47
What are the prime factors of 4196?
2, 1049
What are the prime factors of 58434?
2, 3, 9739
What are the prime factors of 481?
13, 37
List the prime factors of 7668.
2, 3, 71
List the prime factors of 26163.
3, 17, 19
What are the prime factors of 4770?
2, 3, 5, 53
What are the prime factors of 3890?
2, 5, 389
List the prime factors of 33598.
2, 107, 157
What are the prime factors of 63054?
2, 3, 31, 113
List the prime factors of 196.
2, 7
List the prime factors of 56172.
2, 3, 31, 151
What are the prime factors of 500?
2, 5
List the prime factors of 841.
29
List the prime factors of 1140.
2, 3, 5, 19
What are the prime factors of 3247?
17, 191
What are the prime factors of 2681?
7, 383
List the prime factors of 887.
887
List the prime factors of 2024.
2, 11, 23
What are the prime factors of 452?
2, 113
List the prime factors